and 35?
35
Let z be 274/1*65/26. Suppose -383 = -p - 2*a, -5*a + 2223 = 4*p + z. What is the highest common factor of 43 and p?
43
Suppose -3*d = -5*k - 129, 4*d - 247 + 61 = 2*k. Calculate the greatest common divisor of 8 and d.
8
Let l(c) = -c**2 - 8*c - 6. Let o be l(-7). Suppose 30*j - 166 = -46. Calculate the greatest common divisor of o and j.
1
Let a(x) = -4*x**2 - 36*x - 10. Let i be a(-8). Calculate the greatest common factor of i and 1518.
22
Let d(o) = -o + 4. Let t be d(-4). Let a(r) = -12 + 0*r - r - 3*r - 2*r. Let v be a(-10). What is the greatest common factor of v and t?
8
Let n = -8 + 15. Let t = n + 1. Let x be (54/(-5))/(t/(-120)). Calculate the greatest common divisor of 18 and x.
18
Let n be (-15776)/(-128) + ((-10)/(-8))/(-5). What is the greatest common divisor of n and 3?
3
Let i = -366 + 386. What is the greatest common factor of 340 and i?
20
Let i be ((-6)/7)/((-7)/49). Suppose 2*s = i + 12. Suppose -55 = 4*f - s*f. What is the highest common factor of f and 22?
11
Let f(m) = -m**2 + 8*m - 2. Let x be f(7). Suppose -3*o + x*o = 836. Calculate the highest common factor of o and 38.
38
Suppose 2*y = 10, 5*b + 5*y - y - 230 = 0. Let o be 150/14 + 12/b. Let x = -207 - -295. Calculate the highest common divisor of o and x.
11
Suppose -2*w - 10 = -w. Let x be (3 - (-19)/(-5))*w. Let i be (6/2)/(4/x). What is the greatest common divisor of i and 54?
6
Let z(g) = -11*g - 560. Let f be z(-53). Calculate the greatest common divisor of f and 437.
23
Suppose -518 = -8*k + k. Let y = 235 - k. Calculate the highest common factor of y and 23.
23
Suppose 0 = 4*x - 6*x - 5*g + 28, -3*g - 12 = -2*x. Suppose -2*k - 2408 = -x*k. What is the greatest common divisor of k and 43?
43
Let z(c) = 32*c. Let i be z(1). Suppose -m + 4*f + 233 = -19, 3*m - 708 = -4*f. Suppose -6*a + m = -3*a. What is the greatest common divisor of i and a?
16
Let f(p) = p**3 + 4*p**2 + 5*p + 6. Let r be f(-3). Suppose r = 6*n - 12*n + 12. Calculate the highest common factor of 2 and n.
2
Let q(p) = p**3 - 11*p**2 + 15*p - 5. Let y be q(10). Calculate the highest common divisor of y and 35.
5
Suppose q - 2*q = -4*n + 7, 0 = -5*q + 5. Suppose -n*u - 32 = -6*u. Calculate the greatest common factor of u and 64.
8
Let o be 4 - (-168)/3 - 1. Let b = 63 - o. Calculate the highest common factor of b and 36.
4
Suppose 0 = -2*y - y + 72. Suppose 2*b = 56 + y. What is the highest common factor of b and 10?
10
Let x be ((-54)/(-45))/(1/50). Calculate the greatest common factor of x and 100.
20
Let v be -13 - ((-9)/(-6))/(3/6). Let f = 24 - v. Let p = 47 + -31. Calculate the highest common factor of p and f.
8
Suppose 44 + 11 = 5*s - h, -10 = -2*h. Suppose 4*n = 2*b + n - 231, 0 = 5*b + 5*n - 515. Calculate the highest common factor of b and s.
12
Let x = 6 + -2. Let y be 1*(-2 + x) + 1. Suppose 0 = w + 5*f - 53, 2*w + 4*f = -w + 115. What is the highest common factor of w and y?
3
Suppose 0 = 4*g - g - 60. Suppose -18*s = -13*s - 10. Suppose -s*r + 3*n = -8, 13 - 39 = -3*r + n. Calculate the highest common divisor of g and r.
10
Let t be ((-24)/(-20))/((-9)/(675/(-2))). Calculate the greatest common divisor of 81 and t.
9
Let q = -47 + 79. Let w be ((-2 + -3)/5)/((-1)/17). Suppose -3*d = -7 - w. Calculate the greatest common factor of q and d.
8
Let y be 352/3 + 44/66. Calculate the highest common divisor of y and 295.
59
Let r(p) = -9*p**2 + 6*p - 4. Let d(s) = -3*s**2 + 2*s - 1. Let t(j) = -7*d(j) + 2*r(j). Let o be t(7). What is the highest common factor of 12 and o?
12
Let j = -70 + 90. What is the highest common factor of 580 and j?
20
Let q = 4209 + -2969. What is the greatest common divisor of q and 40?
40
Let l = 21 + -2. Suppose 0 = 5*q - l - 1. Suppose -q*n + 3*n = u - 36, 2*n - u = 72. What is the highest common factor of 90 and n?
18
Suppose -4*u - 3*p = -1308, p = 4*u - 3*p - 1280. Suppose 0 = w - 5*w + u. What is the greatest common factor of w and 9?
9
Let a = -444 - -470. What is the greatest common divisor of 6 and a?
2
Suppose -2*p + 140 = 2*p. Let v(x) = -x + 9. Let a be v(4). What is the highest common factor of a and p?
5
Suppose 14*y - 154 = 10*y - m, 0 = y + m - 40. Calculate the highest common factor of y and 152.
38
Suppose -2*h = -4 - 24. Let b = 275 - 156. Let r = b - 63. Calculate the highest common divisor of h and r.
14
Suppose 574*s = 600*s - 364. What is the greatest common divisor of 707 and s?
7
Let v(a) = -18*a**3 - 1. Let y be v(1). Let x = 55 + y. Suppose -x = -3*g - 6. Calculate the greatest common divisor of g and 20.
10
Let v(m) = m**3 + 17*m**2 - 39*m + 4. Let u be v(-19). What is the greatest common divisor of u and 5?
1
Let y(w) = w**2 + 2*w - 250. Let r be y(-22). What is the greatest common factor of 10 and r?
10
Let d = 67 + -62. Let c(b) be the third derivative of b**4/4 - b**3/2 + 2*b**2. Let s be c(8). What is the greatest common divisor of s and d?
5
Suppose -3*t = 13*t - 4592. Calculate the greatest common factor of 7 and t.
7
Let r be (-2)/4 - (-14)/(-4). Let x be 6/r*48/(-18). Suppose -x*o = -7*o + 42. Calculate the greatest common divisor of o and 70.
14
Suppose -3*l - 2*a = -5*a - 45, -5*a = 15. Calculate the highest common divisor of 774 and l.
6
Let y = -123 + 60. Let w be (-2)/9 + 22/18 + 104. Let u = y + w. What is the highest common divisor of u and 6?
6
Let h(r) = r**2 + 4*r - 7. Let o = 38 + -36. Suppose 10 = -2*q - o*j, -1 = q - 5*j + 10. Let y be h(q). Calculate the highest common divisor of 15 and y.
5
Suppose -3 = 2*o - 81. What is the highest common divisor of o and 104?
13
Let i = 841 + -838. Let y = 0 - 2. Let o be 0 + (y - -2) + 27. What is the greatest common divisor of i and o?
3
Let q(d) = -26*d + 992. Let i be q(-11). Calculate the greatest common divisor of i and 54.
18
Let m be ((-16)/6)/(12/(-18)). Suppose m*n + p - 97 = 0, 2*n = -p + 4*p + 45. What is the highest common divisor of 16 and n?
8
Suppose 4*c - 180 = -0*c. Let x = c - 30. Let a be (-12)/x*(-5)/2. What is the highest common factor of 14 and a?
2
Suppose 0 = r - 51 + 49. Suppose 5*d - 5*l - 105 = 0, 0*l = r*l - 6. Suppose 14 + 10 = p. What is the greatest common divisor of p and d?
24
Suppose 15*o - 420 = 12*o. Suppose -3*y + 171 + 249 = 0. Suppose -l = 3*l - y. Calculate the greatest common factor of o and l.
35
Let k be (-5 - -4) + 3 - 34. Let a be 2*(-52)/k*4. Calculate the highest common factor of 143 and a.
13
Let t(r) = 10*r**3 - 11*r**2 + 29*r - 2. Let z be t(3). What is the greatest common factor of z and 176?
16
Let f be (-1)/(((-15)/5)/372). What is the greatest common divisor of f and 4?
4
Suppose 3*f = f + 68. Suppose -c + f = 8. Let k = -16 + c. Calculate the highest common factor of k and 110.
10
Let c(m) = m**2 - 14*m + 102. Let w be c(12). What is the highest common factor of w and 286?
26
Let o = -52 - -52. Suppose u - 91 + 19 = o. Calculate the highest common factor of 54 and u.
18
Suppose -9*v - 66 = -12*v. Let g(f) = f**3 + 5*f**2 - 10*f - 22. Let y be g(-6). What is the highest common factor of y and v?
2
Let f be 1*((-75)/(-5))/3. Suppose -4*v = c - 37, f*c + 42 = -v + 189. Calculate the greatest common divisor of c and 232.
29
Let n = 92 + -25. Let v = -34 + n. What is the highest common factor of v and 3?
3
Suppose 22 = 2*i - c, -73*i + 78*i - 2*c - 53 = 0. Calculate the highest common divisor of 477 and i.
9
Let r = 92 - 89. Suppose -r*c + 4*c = 28. Calculate the greatest common factor of c and 21.
7
Let c(z) = 41*z - 22. Let m be c(11). What is the greatest common factor of m and 22?
11
Let o be (-1)/((-1)/9 - 0). Let p be (48/((-16)/1))/((-2)/48). What is the highest common divisor of o and p?
9
Suppose -4*q + 3*q = -20. Calculate the greatest common factor of 4 and q.
4
Let j = 2268 + -1737. What is the greatest common divisor of 54 and j?
9
Let i(h) = h**3 - 4*h**2 - 2*h + 6. Let t be i(6). Suppose -2*z = -5*a - 340, 0 = 3*z - z - a - 332. What is the greatest common factor of t and z?
33
Let h be (-9)/(-3)*-1 + 12. Suppose 1976 = 5*g - 104. Suppose -79 - g = -5*r. Calculate the greatest common divisor of h and r.
9
Let n(f) = 2*f**2 + 138*f + 164. Let z be n(-71). Calculate the greatest common divisor of 14 and z.
14
Suppose 5*c - c - 1000 = 0. Let f = -173 + 297. Let w = c - f. Calculate the highest com